2b59?
-2b62
In base 10, what is 236 - 24?
212
In base 6, what is 233 - 24?
205
In base 15, what is -a - 24?
-2e
In base 6, what is 1 - -1310?
1311
In base 11, what is 81 + -3?
79
In base 9, what is -56 - -3?
-53
In base 10, what is -2786 - 0?
-2786
In base 12, what is 3 - -56?
59
In base 15, what is 7 - 1ab?
-1a4
In base 16, what is 77 + -4?
73
In base 3, what is -202 - 12?
-221
In base 10, what is 72 + 2?
74
In base 3, what is 11 - -11112010?
11112021
In base 8, what is 330 + 1?
331
In base 13, what is -3 + 31?
2b
In base 9, what is -4 + -366?
-371
In base 10, what is 1 + 44?
45
In base 5, what is 340 + -11?
324
In base 11, what is 406 + -16?
3a0
In base 8, what is 350 + 4?
354
In base 6, what is 133 + 0?
133
In base 11, what is -87 + 7?
-80
In base 4, what is -10233 - -10?
-10223
In base 16, what is -256 + 2?
-254
In base 12, what is -160a3 + 1?
-160a2
In base 6, what is -4 - -4555?
4551
In base 13, what is 1 - -3a01?
3a02
In base 15, what is 1d5 + -1?
1d4
In base 6, what is 54514 + 0?
54514
In base 11, what is -25 - -271?
247
In base 2, what is -101011010 + 0?
-101011010
In base 5, what is 31 + -20?
11
In base 11, what is 1987 + -1?
1986
In base 7, what is -6 + -350?
-356
In base 9, what is -364 - 3?
-367
In base 12, what is 7699 - 0?
7699
In base 13, what is -2 + 62?
60
In base 14, what is 2b - 1?
2a
In base 4, what is 2 + -113?
-111
In base 12, what is -5 - 936?
-93b
In base 16, what is 0 - -45?
45
In base 14, what is -2 + -81a?
-81c
In base 12, what is -8 + 191?
185
In base 15, what is 4 - -1b?
20
In base 10, what is -7 - -33?
26
In base 3, what is 10002 - -1021?
11100
In base 16, what is -12 - b?
-1d
In base 14, what is 4 - cb?
-c7
In base 2, what is -111010010 - -100?
-111001110
In base 15, what is a862 - -2?
a864
In base 9, what is -1 - -62?
61
In base 7, what is 2 + -641?
-636
In base 10, what is 68 + 310?
378
In base 14, what is -97 - d?
-a6
In base 12, what is 36b - -4?
373
In base 4, what is 11 - -131?
202
In base 4, what is 10 + -223113?
-223103
In base 13, what is -4 + 42?
3b
In base 8, what is 73 - 1?
72
In base 10, what is 72 + -5?
67
In base 15, what is -1a7 - -3?
-1a4
In base 16, what is -3 + a?
7
In base 13, what is 8 + b?
16
In base 15, what is 2 + -4b?
-49
In base 12, what is 5 - 4?
1
In base 6, what is 520 + -5?
511
In base 10, what is -1829 - 5?
-1834
In base 8, what is -27 + 1?
-26
In base 12, what is -1a + 116?
b8
In base 14, what is 5 + -60?
-59
In base 15, what is -3 - 12e?
-132
In base 6, what is 25 + 1?
30
In base 6, what is -5 + -4001?
-4010
In base 15, what is -4c85 + 1?
-4c84
In base 15, what is -8a - -2?
-88
In base 16, what is -5 + 12c0?
12bb
In base 8, what is -16 + 0?
-16
In base 16, what is 3 - 6d?
-6a
In base 8, what is -7 + -366?
-375
In base 4, what is 11 - 2212?
-2201
In base 4, what is 1131 + -1031?
100
In base 4, what is 31130 - 3?
31121
In base 3, what is 120 - 210?
-20
In base 12, what is 1a74 - 1?
1a73
In base 10, what is -2 - -2737?
2735
In base 4, what is 0 - -3?
3
In base 9, what is 40 + 5?
45
In base 9, what is 7341 + 1?
7342
In base 11, what is 0 + -3607?
-3607
In base 5, what is -103 - -11121?
11013
In base 13, what is -9 + 3c?
33
In base 16, what is -aa + 1?
-a9
In base 4, what is 10 - -12220?
12230
In base 4, what is -1210 - 10?
-1220
In base 11, what is -4 + -1a8?
-201
In base 15, what is -1b3 + 4?
-1ae
In base 8, what is -4 + -111?
-115
In base 6, what is 2 - -1303?
1305
In base 16, what is 3 - -3c?
3f
In base 4, what is 0 - 3?
-3
In base 3, what is -10 + 121111?
121101
In base 12, what is -436 + 1?
-435
In base 11, what is 483 - -5?
488
In base 8, what is 14433 - 4?
14427
In base 15, what is -8 + 231?
228
In base 9, what is -5 - -1251?
1245
In base 6, what is -32 - 5225?
-5301
In base 8, what is -100 + 27?
-51
In base 13, what is 5 - -161?
166
In base 10, what is 100 - -3?
103
In base 9, what is 52 + -1?
51
In base 7, what is 564 - 1?
563
In base 15, what is 35 - -3?
38
In base 9, what is -423 - -34?
-378
In base 4, what is 0 - -110300?
110300
In base 2, what is 10110110010 - 10?
10110110000
In base 8, what is -71 - -1?
-70
In base 7, what is 356 - -2?
361
In base 7, what is 5360 + -5?
5352
In base 3, what is 2 - 22122?
-22120
In base 15, what is 540 + 2?
542
In base 15, what is -4 + 9d5?
9d1
In base 10, what is -51 - 15?
-66
In base 2, what is -10010100011 - 100?
-10010100111
In base 3, what is 2000 - 1022?
201
In base 16, what is -2e + 3?
-2b
In base 8, what is -6 + 172?
164
In base 9, what is 3 - 4253?
-4250
In base 2, what is -101 - 1101001101111?
-1101001110100
In base 8, what is 200 - -5?
205
In base 12, what is -1291 - 6?
-1297
In base 13, what is -82 - 5?
-87
In base 12, what is -79a + -7?
-7a5
In base 16, what is -3 + -17?
-1a
In base 8, what is 4 - -6?
12
In base 8, what is -52 - 100?
-152
In base 16, what is -18 - -1e?
6
In base 2, what is -10111110101 + -11000?
-11000001101
In base 14, what is 7 + -266?
-25d
In base 11, what is 213 - -1?
214
In base 13, what is 35a - -1?
35b
In base 10, what is 203 + -1?
202
In base 3, what is -1112 + -110202?
-112021
In base 16, what is 4 - 54a?
-546
In base 9, what is 1 - -13?
14
In base 10, what is -13644 - 3?
-13647
In base 2, what is 110000111 - 101011?
101011100
In base 8, what is 521 - -6?
527
In base 9, what is -205 - -3?
-202
In base 5, what is 34431 - -11?
34442
In base 10, what is 1238 - 0?
1238
In base 5, what is -3200 - -2?
-3143
In base 5, what is 101 - -343?
444
In base 5, what is 1313 - -1?
1314
In base 5, what is -32213 + 3?
-32210
In base 16, what is -3 + -199?
-19c
In base 10, what is -142 - 11?
-153
In base 11, what is -65 - 10?
-75
In base 3, what is 12 + 10220200?
10220212
In base 3, what is -1012111000 - 12?
-1012111012
In base 15, what is 2 - -33?
35
In base 14, what is -166 - 2?
-168
In base 15, what is b3 - 33?
80
In base 11, what is 4 + 284?
288
In base 12, what is -136 - -21?
-115
In base 7, what is -10 - 314?
-324
In base 14, what is 74 - -2?
76
In base 2, what is -101 + -101010?
-101111
In base 10, what is 4 + 133?
137
In base 9, what is 18 + -177?
-158
In base 11, what is 302 - -29?
330
In base 11, what is 1 + -64?
-63
In base 6, what is 11405 - -4?
11413
In base 2, what is 101 - -100?
1001
In base 7, what is -154 + -2?
-156
In base 3, what is 12 - -212010?
212022
In base 15, what is 2 - 2b?
-29
In base 10, what is 1 + 4?
5
In base 15, what is -2 - -7a9?
7a7
In base 11, what is 5 + -544?
-53a
In base 16, what is 481 - 5?
47c
In base 9, what is 3 - -66?
70
In base 16, what is 8 - -4?
c
In base 12, what is -2793 + 2?
-2791
In base 2, what is 10110000 - 101?
10101011
In base 13, what is -9 + -5?
-11
In base 15, what is -ac + 5?
-a7
In base 5, what is 1 - -10033?
10034
In base 8, what is -41 - -22?
-17
In base 4, what is 10 + -32200?
-32130
In base 5, what is 4 - 142443?
-142434
In base 12, what is -29 - 36?
-63
In base 3, what is -1010 + 20000?
11220
In base 9, what is 2625 + -1?
2624
In base 9, what is 66 - -17?
84
In base 4, what is 1 - 10332?
-10331
In base 5, what is 2 - 3344?
-3342
In base 7, what is 5 - 23?
-15
In base 13, what is -19b + 3?
-198
In base 13, what is -3 - -19cc?
19c9
In base 14, what is 4 + 1abd?
1ac3
In base 11, what is 408 - -16?
423
In base 9, what is 1 - -7328?
7330
In base 13, what is 18 + 15?
30
In base 2, what is -10011000000 - -11?
-10010111101
In base 8, what is -72 + -102?
-174
In base 4, what is 12222 + 3?
12231
In base 15, what is 474 - -4?
478
In base 15, what is 3 + -648?
-645
In base 15, what is -5 - -138?
133
In base 5, what is -3 - 1203?
-1211
In base 12, what is -9 + -211?
-21a
In base 2, what is -100010 + -101?
-100111
In base 8, what is -343 - -3?
-340
In base 5, what is -100131 - -10?
-100121
In base 2, what is 100 + 1000001011111?
1000001100011
In base 10, what is 5 - -605?
610
In base 7, what is 4536 + -5?
4531
In base 16, what is -5 - 99?
-9e
In base 15, what is -11e - -5?
-119
In base 16, what is 4 + -199?
-195
In base 4, what is 10 - 10200?
-10130
In base 4, what is -3 + 130201?
130132
In base 6, what is -114434 + -1?
-114435
In base 7, what is 32 + 46?
111
In base 16, what is 2f + 0?
2f
In base 10, what is 14 - 148?
-134
In base 3, what is -11 + -1122?
-1210
In base 5, what is -123041 - 0?
-123041
In base 12, what is 3 + -476?
-473
In base 9, what is -3 + -23?
-